mon factor of 7634715 and 660?
165
What is the greatest common factor of 4187390 and 10?
10
What is the greatest common divisor of 35965314 and 441?
441
What is the greatest common divisor of 34789 and 559037?
19
Calculate the greatest common factor of 14520555 and 84.
21
Calculate the greatest common factor of 564212 and 2332.
44
Calculate the highest common factor of 44272 and 17872053.
2767
What is the highest common divisor of 1955 and 88809785?
1955
What is the highest common divisor of 7015 and 127030?
5
Calculate the highest common factor of 22466 and 287278.
478
Calculate the highest common factor of 5148 and 9061182.
234
What is the highest common divisor of 79305 and 325635?
255
Calculate the highest common divisor of 8874 and 26831032.
986
What is the greatest common factor of 4361 and 3326464?
89
What is the greatest common divisor of 55 and 4355950?
5
Calculate the greatest common factor of 1354749290 and 1240.
310
Calculate the greatest common divisor of 3713797 and 923.
71
What is the highest common divisor of 224224814 and 11?
11
What is the highest common divisor of 734287 and 2472?
103
Calculate the highest common factor of 844949 and 90440.
133
What is the highest common factor of 64522005 and 5890?
2945
Calculate the greatest common divisor of 47794152 and 21672.
168
What is the greatest common divisor of 23460 and 167180?
20
Calculate the greatest common factor of 147976 and 230689.
349
What is the highest common divisor of 82430581 and 93?
31
What is the greatest common factor of 5588 and 1138428?
508
What is the greatest common divisor of 7134345 and 675?
135
What is the highest common factor of 6221561 and 25?
1
What is the greatest common divisor of 350654 and 622?
2
What is the greatest common factor of 17202075 and 3075?
75
Calculate the greatest common factor of 450 and 1897578.
18
Calculate the highest common factor of 143764370 and 24775.
4955
Calculate the highest common divisor of 1365680 and 2687690.
3970
Calculate the highest common factor of 325 and 7954825.
25
What is the highest common divisor of 5989 and 1518344?
53
Calculate the highest common divisor of 116 and 28428236.
116
What is the greatest common factor of 2218830 and 60?
30
What is the greatest common factor of 492 and 32629276?
164
Calculate the highest common divisor of 64 and 68771.
1
Calculate the greatest common factor of 1185611 and 7.
7
What is the highest common factor of 254 and 4034282?
254
What is the greatest common factor of 1539 and 49012875?
171
What is the greatest common factor of 25550 and 1503362?
1022
Calculate the greatest common factor of 73 and 69702371.
73
What is the highest common factor of 1750902 and 6?
6
Calculate the greatest common factor of 8549 and 234973.
83
What is the greatest common divisor of 2168304 and 357752?
1816
Calculate the highest common divisor of 73305 and 316710.
405
What is the highest common divisor of 626496 and 62400?
2496
What is the greatest common divisor of 23648 and 530416?
16
Calculate the highest common factor of 3770 and 4258020.
130
What is the highest common divisor of 135097 and 11?
1
Calculate the greatest common factor of 4284144 and 141.
141
Calculate the greatest common divisor of 13673 and 104423.
121
Calculate the greatest common factor of 205920120 and 5418.
1806
What is the greatest common divisor of 34 and 72709289?
17
What is the highest common divisor of 224064 and 120590?
778
Calculate the greatest common factor of 107800 and 2473800.
1400
What is the greatest common divisor of 726 and 74414571?
33
What is the highest common divisor of 125165069 and 214?
107
What is the highest common divisor of 1884 and 124872148?
628
What is the highest common divisor of 175716 and 633?
3
Calculate the greatest common divisor of 3599180 and 121862.
2834
Calculate the greatest common factor of 430 and 9053478.
86
Calculate the greatest common divisor of 220418 and 31688.
466
What is the greatest common factor of 1491 and 1453263?
21
What is the highest common factor of 253 and 182398579?
253
What is the highest common divisor of 155600 and 122?
2
What is the greatest common divisor of 358386 and 13038?
318
What is the greatest common factor of 241322600 and 1860?
620
Calculate the highest common factor of 557900 and 143420.
20
Calculate the greatest common divisor of 13481 and 6352662.
1037
What is the highest common divisor of 6114 and 16791?
3
Calculate the greatest common divisor of 15653882 and 738.
82
Calculate the highest common divisor of 350 and 8601625.
25
What is the highest common factor of 4122016 and 800?
32
Calculate the greatest common factor of 2428682 and 299342.
3086
Calculate the greatest common factor of 1407002 and 144974.
838
Calculate the greatest common factor of 21765 and 8805.
15
What is the greatest common factor of 21299 and 223459?
361
What is the highest common divisor of 90 and 45206334?
18
Calculate the highest common factor of 143932210 and 10.
10
What is the greatest common divisor of 7493 and 5285359?
127
Calculate the highest common divisor of 82133 and 446375.
3571
What is the greatest common divisor of 965 and 85277822?
193
Calculate the greatest common factor of 25003 and 101651.
11
Calculate the greatest common factor of 68359 and 6655807.
347
Calculate the greatest common divisor of 224 and 1462622.
14
Calculate the greatest common factor of 2947822 and 151.
151
Calculate the greatest common factor of 11 and 14130490.
11
What is the greatest common divisor of 2864 and 3639952?
16
Calculate the highest common factor of 107966 and 4958.
74
What is the highest common divisor of 225520 and 56640?
80
Calculate the greatest common divisor of 90391886 and 4186.
598
What is the highest common factor of 3927852 and 2673?
243
What is the greatest common divisor of 311169133 and 6908?
1727
Calculate the highest common factor of 185397 and 43413.
87
Calculate the highest common factor of 19545768 and 4255.
851
What is the greatest common factor of 4375 and 22517425?
175
Calculate the highest common factor of 33860814 and 806.
26
Calculate the greatest common divisor of 317407055 and 25.
5
Calculate the highest common divisor of 1512 and 6898.
2
What is the highest common factor of 20587 and 15390253?
2941
What is the highest common factor of 1476 and 65030346?
738
Calculate the greatest common divisor of 3240 and 91795.
5
Calculate the greatest common divisor of 2218 and 78816630.
2218
What is the highest common factor of 4350 and 1347050?
1450
Calculate the greatest common divisor of 848612662 and 62.
62
What is the highest common factor of 4782885 and 8025?
15
What is the greatest common factor of 63336 and 2737803?
87
What is the greatest common factor of 328372770 and 682?
682
Calculate the highest common factor of 7000 and 4049000.
1000
Calculate the highest common factor of 6 and 2137168.
2
What is the greatest common divisor of 83027 and 4723607?
203
What is the highest common divisor of 2370 and 138300?
30
What is the greatest common factor of 3494 and 6441189?
1747
Calculate the greatest common factor of 5328 and 73401192.
2664
What is the greatest common divisor of 7882794 and 68382?
2358
What is the greatest common factor of 450214 and 310628?
1966
Calculate the highest common divisor of 340780 and 12620.
20
What is the greatest common factor of 3508613 and 26469?
2941
What is the highest common divisor of 64459 and 6540381?
883
What is the greatest common factor of 6384 and 202349392?
2128
Calculate the greatest common divisor of 5944698 and 13226.
778
Calculate the highest common factor of 306056910 and 60.
30
What is the greatest common divisor of 21291419 and 5776?
361
Calculate the highest common factor of 9750 and 3417375.
4875
What is the highest common divisor of 41977809 and 369?
369
Calculate the greatest common divisor of 2960 and 3550816.
592
What is the highest common factor of 226807 and 672?
7
What is the greatest common factor of 22040 and 108467656?
4408
Calculate the greatest common divisor of 9694 and 436545055.
4847
Calculate the greatest common factor of 105 and 4899783.
21
Calculate the greatest common factor of 1935529 and 15425.
617
Calculate the highest common divisor of 26 and 64897586.
26
Calculate the highest common 